at is the remainder when 200204 is divided by 3229?
6
What is the remainder when 2971 is divided by 504?
451
What is the remainder when 2763 is divided by 1775?
988
Calculate the remainder when 327680 is divided by 109220.
20
What is the remainder when 634788 is divided by 31?
1
Calculate the remainder when 12913 is divided by 150.
13
What is the remainder when 2072 is divided by 1976?
96
What is the remainder when 297 is divided by 7?
3
What is the remainder when 67619 is divided by 328?
51
Calculate the remainder when 441531 is divided by 52.
51
Calculate the remainder when 8962141 is divided by 339.
337
Calculate the remainder when 1073 is divided by 524.
25
What is the remainder when 94572 is divided by 106?
20
Calculate the remainder when 11236 is divided by 175.
36
Calculate the remainder when 3986 is divided by 27.
17
What is the remainder when 6732 is divided by 6711?
21
What is the remainder when 71025 is divided by 17?
16
What is the remainder when 7358 is divided by 144?
14
Calculate the remainder when 3567 is divided by 504.
39
What is the remainder when 16475 is divided by 31?
14
What is the remainder when 594173 is divided by 658?
657
Calculate the remainder when 4074 is divided by 31.
13
What is the remainder when 5171 is divided by 113?
86
Calculate the remainder when 33441 is divided by 6.
3
Calculate the remainder when 5335 is divided by 281.
277
What is the remainder when 162751 is divided by 64?
63
Calculate the remainder when 7579 is divided by 143.
0
What is the remainder when 3418 is divided by 124?
70
What is the remainder when 55880 is divided by 63?
62
What is the remainder when 13432 is divided by 4456?
64
Calculate the remainder when 248758 is divided by 736.
726
What is the remainder when 89 is divided by 40?
9
What is the remainder when 274600 is divided by 18306?
10
Calculate the remainder when 1825 is divided by 442.
57
Calculate the remainder when 59064 is divided by 203.
194
Calculate the remainder when 1366 is divided by 323.
74
What is the remainder when 20636 is divided by 882?
350
Calculate the remainder when 5720 is divided by 1149.
1124
What is the remainder when 101447 is divided by 62?
15
What is the remainder when 25431 is divided by 253?
131
Calculate the remainder when 317664 is divided by 1542.
12
What is the remainder when 27614 is divided by 184?
14
Calculate the remainder when 33574 is divided by 79.
78
What is the remainder when 599078 is divided by 66?
62
What is the remainder when 14011 is divided by 51?
37
What is the remainder when 73534 is divided by 114?
4
What is the remainder when 3242 is divided by 471?
416
Calculate the remainder when 110860 is divided by 27.
25
Calculate the remainder when 76408 is divided by 357.
10
Calculate the remainder when 9361 is divided by 941.
892
What is the remainder when 3473 is divided by 3445?
28
What is the remainder when 56439 is divided by 1284?
1227
Calculate the remainder when 3076 is divided by 633.
544
What is the remainder when 102452 is divided by 20?
12
Calculate the remainder when 1409 is divided by 610.
189
Calculate the remainder when 278346 is divided by 126.
12
Calculate the remainder when 1447 is divided by 80.
7
Calculate the remainder when 783 is divided by 126.
27
What is the remainder when 5363 is divided by 112?
99
What is the remainder when 550 is divided by 267?
16
Calculate the remainder when 88261 is divided by 635.
631
Calculate the remainder when 111398 is divided by 533.
1
What is the remainder when 7302923 is divided by 7?
5
What is the remainder when 966412 is divided by 1?
0
What is the remainder when 46463 is divided by 11615?
3
Calculate the remainder when 128701 is divided by 624.
157
What is the remainder when 36533 is divided by 60?
53
Calculate the remainder when 147669 is divided by 63.
60
What is the remainder when 2657975 is divided by 7?
5
What is the remainder when 2958 is divided by 607?
530
Calculate the remainder when 2119 is divided by 697.
28
Calculate the remainder when 57210 is divided by 9535.
0
Calculate the remainder when 4295 is divided by 1.
0
What is the remainder when 24755 is divided by 1313?
1121
What is the remainder when 1021798 is divided by 600?
598
Calculate the remainder when 2965 is divided by 172.
41
Calculate the remainder when 13760 is divided by 2290.
20
What is the remainder when 9170 is divided by 3021?
107
Calculate the remainder when 153094 is divided by 158.
150
Calculate the remainder when 117574 is divided by 735.
709
What is the remainder when 132958 is divided by 16?
14
Calculate the remainder when 3232692 is divided by 184.
180
What is the remainder when 21998 is divided by 19?
15
What is the remainder when 1596 is divided by 406?
378
Calculate the remainder when 20121 is divided by 2513.
17
What is the remainder when 77350 is divided by 501?
196
Calculate the remainder when 5662 is divided by 161.
27
What is the remainder when 1543 is divided by 265?
218
What is the remainder when 1439 is divided by 710?
19
What is the remainder when 11411 is divided by 266?
239
Calculate the remainder when 857141 is divided by 7.
5
What is the remainder when 230184 is divided by 15?
9
Calculate the remainder when 108640 is divided by 27148.
48
Calculate the remainder when 5305 is divided by 2629.
47
Calculate the remainder when 211475 is divided by 17622.
11
Calculate the remainder when 21257 is divided by 100.
57
Calculate the remainder when 6196 is divided by 347.
297
Calculate the remainder when 2731 is divided by 1245.
241
What is the remainder when 863854 is divided by 16?
14
Calculate the remainder when 92304 is divided by 577.
561
What is the remainder when 76436 is divided by 76400?
36
What is the remainder when 567 is divided by 26?
21
Calculate the remainder when 16991 is divided by 1133.
1129
Calculate the remainder when 5225 is divided by 141.
8
What is the remainder when 8939 is divided by 1957?
1111
What is the remainder when 32004 is divided by 770?
434
Calculate the remainder when 261690 is divided by 793.
0
What is the remainder when 23723 is divided by 592?
43
What is the remainder when 103278 is divided by 19?
13
What is the remainder when 95198 is divided by 85?
83
Calculate the remainder when 2235 is divided by 46.
27
Calculate the remainder when 462793 is divided by 183.
169
What is the remainder when 818243 is divided by 2851?
6
What is the remainder when 8397 is divided by 111?
72
Calculate the remainder when 11069 is divided by 316.
9
What is the remainder when 3862 is divided by 388?
370
What is the remainder when 88696 is divided by 63?
55
Calculate the remainder when 4673 is divided by 379.
125
Calculate the remainder when 3573 is divided by 29.
6
Calculate the remainder when 3958 is divided by 13.
6
Calculate the remainder when 565899 is divided by 431.
427
What is the remainder when 4494 is divided by 80?
14
Calculate the remainder when 936203 is divided by 34674.
5
Calculate the remainder when 6092362 is divided by 4.
2
Calculate the remainder when 301230 is divided by 100288.
366
Calculate the remainder when 254362 is divided by 5087.
12
Calculate the remainder when 14660 is divided by 248.
28
What is the remainder when 39932 is divided by 32?
28
What is the remainder when 39849 is divided by 21?
12
What is the remainder when 15450 is divided by 7715?
20
What is the remainder when 12756 is divided by 224?
212
Calculate the remainder when 414 is divided by 62.
42
Calculate the remainder when 751225 is divided by 322.
321
Calculate the remainder when 17388 is divided by 4264.
332
What is the remainder when 6482 is divided by 162?
2
Calculate the remainder when 3380 is divided by 2640.
740
Calculate the remainder when 149541 is divided by 218.
211
Calculate the remainder when 152205 is divided by 40.
5
Calculate the remainder when 2270 is divided by 8.
6
Calculate the remainder when 3213 is divided by 432.
189
What is the remainder when 451894 is divided by 57?
55
What is the remainder when 1538 is divided by 200?
138
Calculate the remainder when 26391 is divided by 4.
3
What is the remainder when 368 is divided by 4?
0
What is the remainder when 125018 is divided by 940?
938
What is the remainder when 49679 is divided by 294?
287
Calculate the remainder wh